{"id":1184,"date":"2017-02-08T09:59:59","date_gmt":"2017-02-08T09:59:59","guid":{"rendered":"http:\/\/consult.loc\/?page_id=1184"},"modified":"2024-01-19T01:12:38","modified_gmt":"2024-01-19T07:12:38","slug":"contact-five","status":"publish","type":"page","link":"https:\/\/marcanet.mx\/?page_id=1184","title":{"rendered":"Contact five"},"content":{"rendered":"\t\t<div data-elementor-type=\"wp-page\" data-elementor-id=\"1184\" class=\"elementor elementor-1184\" data-elementor-post-type=\"page\">\n\t\t\t\t\t\t<section class=\"elementor-section elementor-top-section elementor-element elementor-element-a731ab9 elementor-section-boxed elementor-section-height-default elementor-section-height-default\" data-id=\"a731ab9\" data-element_type=\"section\">\n\t\t\t\t\t\t<div class=\"elementor-container elementor-column-gap-default\">\n\t\t\t\t\t<div class=\"elementor-column elementor-col-100 elementor-top-column elementor-element elementor-element-a7324ad\" data-id=\"a7324ad\" data-element_type=\"column\" data-settings=\"{&quot;background_background&quot;:&quot;classic&quot;}\">\n\t\t\t<div class=\"elementor-widget-wrap elementor-element-populated\">\n\t\t\t\t\t\t<div class=\"elementor-element elementor-element-a732c9b elementor-widget elementor-widget-vc_custom_heading\" data-id=\"a732c9b\" data-element_type=\"widget\" data-widget_type=\"vc_custom_heading.default\">\n\t\t\t\t<div class=\"elementor-widget-container\">\n\t\t\t\t\t<div class=\" vc_custom_heading  consulting_heading_font  text_align_left title_no_stripe\" ><h2 style=\"text-align: left;font-weight:700\" class=\"consulting-custom-title\">Cont\u00e1ctanos\n<\/h2><\/div>\t\t\t\t<\/div>\n\t\t\t\t<\/div>\n\t\t\t\t<div class=\"elementor-element elementor-element-a733687 elementor-widget elementor-widget-text-editor\" data-id=\"a733687\" data-element_type=\"widget\" data-widget_type=\"text-editor.default\">\n\t\t\t\t<div class=\"elementor-widget-container\">\n\t\t\t\t\t\t\t\t\t<p>Para asesor\u00eda de propiedad intelectual, por favor cont\u00e1ctanos a cualquiera de los tel\u00e9fonos, correos electr\u00f3nicos o d\u00e9janos un mensaje a trav\u00e9s de la p\u00e1gina, un representante de Marcanet se pondr\u00e1 en contacto con usted.\u00a0<\/p>\n\t\t\t\t\t\t\t\t<\/div>\n\t\t\t\t<\/div>\n\t\t\t\t<div class=\"elementor-element elementor-element-a733a60 elementor-widget elementor-widget-vc_custom_heading\" data-id=\"a733a60\" data-element_type=\"widget\" data-widget_type=\"vc_custom_heading.default\">\n\t\t\t\t<div class=\"elementor-widget-container\">\n\t\t\t\t\t<div class=\" vc_custom_heading border_base_color consulting_heading_font  text_align_left title_no_stripe\" ><h3 style=\"font-size: 20px;color: #222222;text-align: left;line-height: 45px;font-weight:700\" class=\"consulting-custom-title\">Contacto de clientes\n<\/h3><\/div>\t\t\t\t<\/div>\n\t\t\t\t<\/div>\n\t\t\t\t<section class=\"elementor-section elementor-top-section elementor-element elementor-element-a733e24 elementor-section-boxed elementor-section-height-default elementor-section-height-default\" data-id=\"a733e24\" data-element_type=\"section\">\n\t\t\t\t\t\t<div class=\"elementor-container elementor-column-gap-default\">\n\t\t\t\t\t<div class=\"elementor-column elementor-col-50 elementor-top-column elementor-element elementor-element-a73459d\" data-id=\"a73459d\" data-element_type=\"column\" data-settings=\"{&quot;background_background&quot;:&quot;classic&quot;}\">\n\t\t\t<div class=\"elementor-widget-wrap elementor-element-populated\">\n\t\t\t\t\t\t<div class=\"elementor-element elementor-element-a734c4f elementor-widget elementor-widget-stm_contacts_widget\" data-id=\"a734c4f\" data-element_type=\"widget\" data-widget_type=\"stm_contacts_widget.default\">\n\t\t\t\t<div class=\"elementor-widget-container\">\n\t\t\t\t\t\n<div class=\"stm_contacts_widget consulting_elementor_contacts_widget style_4 \">\n    \n    \n    \n        <ul>\n                            <li>\n                    <div class=\"icon\"><i class=\"fa fa-map-marker\"><\/i><\/div>\n                    <div class=\"text\">Canal de Miramontes 119, Frac. Residencial Acoxpa, C.P. 14399.<\/div>\n                <\/li>\n                                        <li>\n                    <div class=\"icon\"><i class=\"fa fa-phone\"><\/i><\/div>\n                    <div class=\"text\">\n                        +52 55 5684 5454                                                    <br \/>+52 984 801 9402                                            <\/div>\n                <\/li>\n                                        <li>\n                    <div class=\"icon\"><i class=\"fa fa-fax\"><\/i><\/div>\n                    <div class=\"text\">\n                        +52 984 801 9403                    <\/div>\n                <\/li>\n                                            <\/ul>\n        \n    \n<\/div>\t\t\t\t<\/div>\n\t\t\t\t<\/div>\n\t\t\t\t\t<\/div>\n\t\t<\/div>\n\t\t\t\t<div class=\"elementor-column elementor-col-50 elementor-top-column elementor-element elementor-element-a734dd0\" data-id=\"a734dd0\" data-element_type=\"column\" data-settings=\"{&quot;background_background&quot;:&quot;classic&quot;}\">\n\t\t\t<div class=\"elementor-widget-wrap elementor-element-populated\">\n\t\t\t\t\t\t<div class=\"elementor-element elementor-element-a735458 elementor-widget elementor-widget-stm_contacts_widget\" data-id=\"a735458\" data-element_type=\"widget\" data-widget_type=\"stm_contacts_widget.default\">\n\t\t\t\t<div class=\"elementor-widget-container\">\n\t\t\t\t\t\n<div class=\"stm_contacts_widget consulting_elementor_contacts_widget style_4 \">\n    \n    \n    \n        <ul>\n                                                                <li>\n                    <div class=\"icon\"><i class=\"fa fa-envelope\"><\/i><\/div>\n                    <div class=\"text\"><a href=\"mailto:info&#64;&#109;a&#114;can&#101;t.&#109;&#120;\">&#105;n&#102;o&#64;&#109;arca&#110;&#101;t.m&#120;<\/a><\/div>\n                <\/li>\n                                        <li>\n                    <div class=\"icon\"><i class=\"fa fa-clock-o\" aria-hidden=\"true\"><\/i><\/div>\n                    <div class=\"text\">Lunes \u2013 S\u00e1bado: 8:00AM\u20136:00PM<br \/>\nDomingos: CERRADO<\/div>\n                <\/li>\n                    <\/ul>\n                    <ul class=\"socials\">\n                                    <li><a href=\"#\" target=\"_blank\" class=\"social-facebook\"><i class=\"fa fa-facebook\"><\/i><\/a><\/li>\n                                                    <li><a href=\"#\" target=\"_blank\" class=\"social-twitter\"><i class=\"fa fa-twitter\"><\/i><\/a><\/li>\n                                                    <li><a href=\"#\" target=\"_blank\" class=\"social-linkedin\"><i class=\"fa fa-linkedin\"><\/i><\/a><\/li>\n                                                    <li><a href=\"#\" target=\"_blank\" class=\"social-google-plus\"><i class=\"fa fa-google-plus\"><\/i><\/a><\/li>\n                                                    <li><a href=\"skype:#\" class=\"social-skype\"><i class=\"fa fa-skype\"><\/i><\/a><\/li>\n                            <\/ul>\n        \n    \n<\/div>\t\t\t\t<\/div>\n\t\t\t\t<\/div>\n\t\t\t\t\t<\/div>\n\t\t<\/div>\n\t\t\t\t\t<\/div>\n\t\t<\/section>\n\t\t\t\t<section class=\"elementor-section elementor-top-section elementor-element elementor-element-a735582 elementor-section-boxed elementor-section-height-default elementor-section-height-default\" data-id=\"a735582\" data-element_type=\"section\" data-settings=\"{&quot;background_background&quot;:&quot;classic&quot;}\">\n\t\t\t\t\t\t<div class=\"elementor-container elementor-column-gap-default\">\n\t\t\t\t\t<div class=\"elementor-column elementor-col-50 elementor-top-column elementor-element elementor-element-a735d19\" data-id=\"a735d19\" data-element_type=\"column\" data-settings=\"{&quot;background_background&quot;:&quot;classic&quot;}\">\n\t\t\t<div class=\"elementor-widget-wrap elementor-element-populated\">\n\t\t\t\t\t\t<div class=\"elementor-element elementor-element-a7363fd elementor-widget elementor-widget-vc_custom_heading\" data-id=\"a7363fd\" data-element_type=\"widget\" data-widget_type=\"vc_custom_heading.default\">\n\t\t\t\t<div class=\"elementor-widget-container\">\n\t\t\t\t\t<div class=\" vc_custom_heading border_base_color consulting_heading_font  text_align_left title_no_stripe\" ><h3 style=\"font-size: 20px;color: #222222;text-align: left;line-height: 45px;font-weight:700\" class=\"consulting-custom-title\">Trabajar en Marcanet\n<\/h3><\/div>\t\t\t\t<\/div>\n\t\t\t\t<\/div>\n\t\t\t\t<div class=\"elementor-element elementor-element-a736794 elementor-widget elementor-widget-text-editor\" data-id=\"a736794\" data-element_type=\"widget\" data-widget_type=\"text-editor.default\">\n\t\t\t\t<div class=\"elementor-widget-container\">\n\t\t\t\t\t\t\t\t\t<p><span style=\"line-height: 22px;\">Para m\u00e1s informaci\u00f3n sobre oferta laboral con nosotros, contacta a:<\/span><\/p>\n\t\t\t\t\t\t\t\t<\/div>\n\t\t\t\t<\/div>\n\t\t\t\t<div class=\"elementor-element elementor-element-a736b4b elementor-widget elementor-widget-stm_contact\" data-id=\"a736b4b\" data-element_type=\"widget\" data-widget_type=\"stm_contact.default\">\n\t\t\t\t<div class=\"elementor-widget-container\">\n\t\t\t\t\t    <div class=\"stm_contact_two consulting_elementor_contact_ clearfix\">\n                    <div class=\"stm_contact_image\">\n                <img src='https:\/\/marcanet.mx\/wp-content\/uploads\/2024\/01\/content-6-2.jpg' alt='' \/>            <\/div>\n                <div class=\"stm_contact_info\">\n            <h5 class=\"no_stripe\">Amanda Seyfried<\/h5>\n                            <div class=\"stm_contact_job\">Gerente RRHH<\/div>\n                                        <div class=\"stm_contact_row\"><i class=\"fa fa-phone\"><\/i> +52 212 123 4505                    <br\/>+52 212 202 3335<\/div>\n                                        <div class=\"stm_contact_row\"><i class=\"fa fa-envelope\"><\/i> <a\n                        href=\"mailto:r&#114;h&#104;&#64;mar&#99;an&#101;t.&#109;&#120;\">&#114;rhh&#64;ma&#114;c&#97;&#110;e&#116;&#46;&#109;x<\/a>\n                <\/div>\n                                <\/div>\n    <\/div>\n\t\t\t\t<\/div>\n\t\t\t\t<\/div>\n\t\t\t\t\t<\/div>\n\t\t<\/div>\n\t\t\t\t<div class=\"elementor-column elementor-col-50 elementor-top-column elementor-element elementor-element-a7373c9\" data-id=\"a7373c9\" data-element_type=\"column\" data-settings=\"{&quot;background_background&quot;:&quot;classic&quot;}\">\n\t\t\t<div class=\"elementor-widget-wrap elementor-element-populated\">\n\t\t\t\t\t\t<div class=\"elementor-element elementor-element-a7379e5 elementor-widget elementor-widget-vc_custom_heading\" data-id=\"a7379e5\" data-element_type=\"widget\" data-widget_type=\"vc_custom_heading.default\">\n\t\t\t\t<div class=\"elementor-widget-container\">\n\t\t\t\t\t<div class=\" vc_custom_heading border_base_color consulting_heading_font  text_align_left title_no_stripe\" ><h3 style=\"font-size: 20px;color: #222222;text-align: left;line-height: 45px;font-weight:700\" class=\"consulting-custom-title\">Prensa & Boletines\n<\/h3><\/div>\t\t\t\t<\/div>\n\t\t\t\t<\/div>\n\t\t\t\t<div class=\"elementor-element elementor-element-a737d8b elementor-widget elementor-widget-text-editor\" data-id=\"a737d8b\" data-element_type=\"widget\" data-widget_type=\"text-editor.default\">\n\t\t\t\t<div class=\"elementor-widget-container\">\n\t\t\t\t\t\t\t\t\t<p><span style=\"line-height: 22px;\">Si perteneces al gremio period\u00edstico y deseas hablar\/entrevistar a alg\u00fan consultor, por favor contacta a:<\/span><\/p>\n\t\t\t\t\t\t\t\t<\/div>\n\t\t\t\t<\/div>\n\t\t\t\t<div class=\"elementor-element elementor-element-a73818a elementor-widget elementor-widget-stm_contact\" data-id=\"a73818a\" data-element_type=\"widget\" data-widget_type=\"stm_contact.default\">\n\t\t\t\t<div class=\"elementor-widget-container\">\n\t\t\t\t\t    <div class=\"stm_contact_two consulting_elementor_contact_ clearfix\">\n                    <div class=\"stm_contact_image\">\n                <img src='https:\/\/marcanet.mx\/wp-content\/uploads\/2024\/01\/content-6-2.jpg' alt='' \/>            <\/div>\n                <div class=\"stm_contact_info\">\n            <h5 class=\"no_stripe\">Jesus Ordo\u00f1ez<\/h5>\n                            <div class=\"stm_contact_job\">Director de Comunicaci\u00f3n Social<\/div>\n                                        <div class=\"stm_contact_row\"><i class=\"fa fa-phone\"><\/i> +52 212 123 4040                    <br\/>+52 212 617 5050<\/div>\n                                        <div class=\"stm_contact_row\"><i class=\"fa fa-envelope\"><\/i> <a\n                        href=\"mailto:&#112;&#114;e&#110;sa&#64;&#109;arc&#97;net.mx\">&#112;&#114;e&#110;&#115;a&#64;marc&#97;ne&#116;.&#109;&#120;<\/a>\n                <\/div>\n                                <\/div>\n    <\/div>\n\t\t\t\t<\/div>\n\t\t\t\t<\/div>\n\t\t\t\t\t<\/div>\n\t\t<\/div>\n\t\t\t\t\t<\/div>\n\t\t<\/section>\n\t\t\t\t\t<\/div>\n\t\t<\/div>\n\t\t\t\t<div class=\"elementor-column elementor-col-100 elementor-top-column elementor-element elementor-element-a7385d8 form_full-right_width\" data-id=\"a7385d8\" data-element_type=\"column\" data-settings=\"{&quot;background_background&quot;:&quot;classic&quot;}\">\n\t\t\t<div class=\"elementor-widget-wrap elementor-element-populated\">\n\t\t\t\t\t\t<div class=\"elementor-element elementor-element-a738ca9 elementor-widget elementor-widget-vc_custom_heading\" data-id=\"a738ca9\" data-element_type=\"widget\" data-widget_type=\"vc_custom_heading.default\">\n\t\t\t\t<div class=\"elementor-widget-container\">\n\t\t\t\t\t<div class=\" vc_custom_heading  consulting_heading_font  text_align_left title_no_stripe\" ><h4 style=\"text-align: left;font-weight:700\" class=\"consulting-custom-title\">Formulario de contacto\n<\/h4><\/div>\t\t\t\t<\/div>\n\t\t\t\t<\/div>\n\t\t\t\t<div class=\"elementor-element elementor-element-a738ff8 elementor-widget elementor-widget-stm_contact_form_7\" data-id=\"a738ff8\" data-element_type=\"widget\" data-widget_type=\"stm_contact_form_7.default\">\n\t\t\t\t<div class=\"elementor-widget-container\">\n\t\t\t\t\t\n<div class=\"wpcf7 no-js\" id=\"wpcf7-f1178-o1\" lang=\"en-US\" dir=\"ltr\" data-wpcf7-id=\"1178\">\n<div class=\"screen-reader-response\"><p role=\"status\" aria-live=\"polite\" aria-atomic=\"true\"><\/p> <ul><\/ul><\/div>\n<form action=\"\/index.php?rest_route=%2Fwp%2Fv2%2Fpages%2F1184#wpcf7-f1178-o1\" method=\"post\" class=\"wpcf7-form init\" aria-label=\"Contact form\" novalidate=\"novalidate\" data-status=\"init\">\n<fieldset class=\"hidden-fields-container\"><input type=\"hidden\" name=\"_wpcf7\" value=\"1178\" \/><input type=\"hidden\" name=\"_wpcf7_version\" value=\"6.1.1\" \/><input type=\"hidden\" name=\"_wpcf7_locale\" value=\"en_US\" \/><input type=\"hidden\" name=\"_wpcf7_unit_tag\" value=\"wpcf7-f1178-o1\" \/><input type=\"hidden\" name=\"_wpcf7_container_post\" value=\"0\" \/><input type=\"hidden\" name=\"_wpcf7_posted_data_hash\" value=\"\" \/>\n<\/fieldset>\n<div class=\"request_callback\">\n        <div class=\"input-group\">\n            <span class=\"wpcf7-form-control-wrap\" data-name=\"message\"><textarea cols=\"40\" rows=\"10\" maxlength=\"2000\" class=\"wpcf7-form-control wpcf7-textarea wpcf7-validates-as-required height147\" aria-required=\"true\" aria-invalid=\"false\" placeholder=\"Your Message *\" name=\"message\"><\/textarea><\/span>\n        <\/div>\n        <div class=\"input-group\">\n            <span class=\"wpcf7-form-control-wrap\" data-name=\"text-name\"><input size=\"40\" maxlength=\"400\" class=\"wpcf7-form-control wpcf7-text wpcf7-validates-as-required\" aria-required=\"true\" aria-invalid=\"false\" placeholder=\"First name *\" value=\"\" type=\"text\" name=\"text-name\" \/><\/span>\n        <\/div>\n        <div class=\"input-group\">\n            <span class=\"wpcf7-form-control-wrap\" data-name=\"email\"><input size=\"40\" maxlength=\"400\" class=\"wpcf7-form-control wpcf7-email wpcf7-validates-as-required wpcf7-text wpcf7-validates-as-email\" aria-required=\"true\" aria-invalid=\"false\" placeholder=\"E-mail *\" value=\"\" type=\"email\" name=\"email\" \/><\/span>\n        <\/div>\n        <div class=\"input-group\">\n            <span class=\"wpcf7-form-control-wrap\" data-name=\"menu-774\"><select class=\"wpcf7-form-control wpcf7-select wpcf7-validates-as-required\" aria-required=\"true\" aria-invalid=\"false\" name=\"menu-774\"><option value=\"\">Reason for Contact *<\/option><option value=\"Value1\">Value1<\/option><option value=\"Value2\">Value2<\/option><\/select><\/span>\n        <\/div>\n        <div class=\"input-group\">\n            <span class=\"wpcf7-form-control-wrap\" data-name=\"menu-363\"><select class=\"wpcf7-form-control wpcf7-select wpcf7-validates-as-required\" aria-required=\"true\" aria-invalid=\"false\" name=\"menu-363\"><option value=\"\">Area of Interest *<\/option><option value=\"Value1\">Value1<\/option><option value=\"Value2\">Value2<\/option><\/select><\/span>\n        <\/div>\n        <div class=\"input-group\">\n            <span class=\"wpcf7-form-control-wrap\" data-name=\"subject\"><input size=\"40\" maxlength=\"400\" class=\"wpcf7-form-control wpcf7-text wpcf7-validates-as-required\" aria-required=\"true\" aria-invalid=\"false\" placeholder=\"Subject *\" value=\"\" type=\"text\" name=\"subject\" \/><\/span>\n        <\/div>\n        <div class=\"input-group\">\n            <button type=\"submit\" class=\"button size-md icon_right\">submit <i class=\"fa fa-chevron-right\"><\/i><\/button>\n        <\/div>\n<\/div><div class=\"wpcf7-response-output\" aria-hidden=\"true\"><\/div>\n<\/form>\n<\/div>\n\t\t\t\t\t\t<\/div>\n\t\t\t\t<\/div>\n\t\t\t\t\t<\/div>\n\t\t<\/div>\n\t\t\t\t\t<\/div>\n\t\t<\/section>\n\t\t\t\t<section class=\"elementor-section elementor-top-section elementor-element elementor-element-a739113 elementor-section-full_width elementor-section-height-default elementor-section-height-default\" data-id=\"a739113\" data-element_type=\"section\" data-settings=\"{&quot;background_background&quot;:&quot;classic&quot;}\">\n\t\t\t\t\t\t<div class=\"elementor-container elementor-column-gap-no\">\n\t\t\t\t\t<div class=\"elementor-column elementor-col-100 elementor-top-column elementor-element elementor-element-a739868\" data-id=\"a739868\" data-element_type=\"column\">\n\t\t\t<div class=\"elementor-widget-wrap elementor-element-populated\">\n\t\t\t\t\t\t<div class=\"elementor-element elementor-element-a739e9b elementor-widget elementor-widget-google_maps\" data-id=\"a739e9b\" data-element_type=\"widget\" data-widget_type=\"google_maps.default\">\n\t\t\t\t<div class=\"elementor-widget-container\">\n\t\t\t\t\t\t\t<div class=\"elementor-custom-embed\">\n\t\t\t<iframe loading=\"lazy\"\n\t\t\t\t\tsrc=\"https:\/\/maps.google.com\/maps?q=London%20Eye%2C%20London%2C%20United%20Kingdom&#038;t=m&#038;z=10&#038;output=embed&#038;iwloc=near\"\n\t\t\t\t\ttitle=\"London Eye, London, United Kingdom\"\n\t\t\t\t\taria-label=\"London Eye, London, United Kingdom\"\n\t\t\t><\/iframe>\n\t\t<\/div>\n\t\t\t\t\t\t<\/div>\n\t\t\t\t<\/div>\n\t\t\t\t\t<\/div>\n\t\t<\/div>\n\t\t\t\t\t<\/div>\n\t\t<\/section>\n\t\t\t\t<\/div>\n\t\t","protected":false},"excerpt":{"rendered":"<p>Cont\u00e1ctanos Para asesor\u00eda de propiedad intelectual, por favor cont\u00e1ctanos a cualquiera de los tel\u00e9fonos, correos electr\u00f3nicos o d\u00e9janos un mensaje a trav\u00e9s de la p\u00e1gina, un representante de Marcanet se pondr\u00e1 en contacto con usted.\u00a0 Contacto de clientes Canal de Miramontes 119, Frac. Residencial Acoxpa, C.P. 14399. +52 55 5684 5454 +52 984 801 9402<\/p>\n","protected":false},"author":1,"featured_media":0,"parent":0,"menu_order":0,"comment_status":"closed","ping_status":"closed","template":"","meta":{"footnotes":""},"class_list":["post-1184","page","type-page","status-publish","hentry"],"yoast_head":"<!-- This site is optimized with the Yoast SEO plugin v23.2 - https:\/\/yoast.com\/wordpress\/plugins\/seo\/ -->\n<title>Contact five - Marcanet<\/title>\n<meta name=\"robots\" content=\"noindex, follow, max-snippet:-1, max-image-preview:large, max-video-preview:-1\" \/>\n<meta property=\"og:locale\" content=\"es_MX\" \/>\n<meta property=\"og:type\" content=\"article\" \/>\n<meta property=\"og:title\" content=\"Contact five - Marcanet\" \/>\n<meta property=\"og:description\" content=\"Cont\u00e1ctanos Para asesor\u00eda de propiedad intelectual, por favor cont\u00e1ctanos a cualquiera de los tel\u00e9fonos, correos electr\u00f3nicos o d\u00e9janos un mensaje a trav\u00e9s de la p\u00e1gina, un representante de Marcanet se pondr\u00e1 en contacto con usted.\u00a0 Contacto de clientes Canal de Miramontes 119, Frac. Residencial Acoxpa, C.P. 14399. +52 55 5684 5454 +52 984 801 9402\" \/>\n<meta property=\"og:url\" content=\"https:\/\/marcanet.mx\/?page_id=1184\" \/>\n<meta property=\"og:site_name\" content=\"Marcanet\" \/>\n<meta property=\"article:modified_time\" content=\"2024-01-19T07:12:38+00:00\" \/>\n<meta property=\"og:image\" content=\"https:\/\/marcanet.mx\/wp-content\/uploads\/2024\/01\/content-6-2.jpg\" \/>\n<meta name=\"twitter:card\" content=\"summary_large_image\" \/>\n<meta name=\"twitter:label1\" content=\"Tiempo de lectura\" \/>\n\t<meta name=\"twitter:data1\" content=\"2 minutos\" \/>\n<script type=\"application\/ld+json\" class=\"yoast-schema-graph\">{\"@context\":\"https:\/\/schema.org\",\"@graph\":[{\"@type\":\"WebPage\",\"@id\":\"https:\/\/marcanet.mx\/?page_id=1184\",\"url\":\"https:\/\/marcanet.mx\/?page_id=1184\",\"name\":\"Contact five - Marcanet\",\"isPartOf\":{\"@id\":\"https:\/\/marcanet.mx\/#website\"},\"primaryImageOfPage\":{\"@id\":\"https:\/\/marcanet.mx\/?page_id=1184#primaryimage\"},\"image\":{\"@id\":\"https:\/\/marcanet.mx\/?page_id=1184#primaryimage\"},\"thumbnailUrl\":\"https:\/\/marcanet.mx\/wp-content\/uploads\/2024\/01\/content-6-2.jpg\",\"datePublished\":\"2017-02-08T09:59:59+00:00\",\"dateModified\":\"2024-01-19T07:12:38+00:00\",\"breadcrumb\":{\"@id\":\"https:\/\/marcanet.mx\/?page_id=1184#breadcrumb\"},\"inLanguage\":\"es\",\"potentialAction\":[{\"@type\":\"ReadAction\",\"target\":[\"https:\/\/marcanet.mx\/?page_id=1184\"]}]},{\"@type\":\"ImageObject\",\"inLanguage\":\"es\",\"@id\":\"https:\/\/marcanet.mx\/?page_id=1184#primaryimage\",\"url\":\"https:\/\/marcanet.mx\/wp-content\/uploads\/2024\/01\/content-6-2.jpg\",\"contentUrl\":\"https:\/\/marcanet.mx\/wp-content\/uploads\/2024\/01\/content-6-2.jpg\",\"width\":1920,\"height\":1440},{\"@type\":\"BreadcrumbList\",\"@id\":\"https:\/\/marcanet.mx\/?page_id=1184#breadcrumb\",\"itemListElement\":[{\"@type\":\"ListItem\",\"position\":1,\"name\":\"Home\",\"item\":\"https:\/\/marcanet.mx\/\"},{\"@type\":\"ListItem\",\"position\":2,\"name\":\"Contact five\"}]},{\"@type\":\"WebSite\",\"@id\":\"https:\/\/marcanet.mx\/#website\",\"url\":\"https:\/\/marcanet.mx\/\",\"name\":\"Marcanet\",\"description\":\"Registro de marcas\",\"potentialAction\":[{\"@type\":\"SearchAction\",\"target\":{\"@type\":\"EntryPoint\",\"urlTemplate\":\"https:\/\/marcanet.mx\/?s={search_term_string}\"},\"query-input\":\"required name=search_term_string\"}],\"inLanguage\":\"es\"}]}<\/script>\n<!-- \/ Yoast SEO plugin. -->","yoast_head_json":{"title":"Contact five - Marcanet","robots":{"index":"noindex","follow":"follow","max-snippet":"max-snippet:-1","max-image-preview":"max-image-preview:large","max-video-preview":"max-video-preview:-1"},"og_locale":"es_MX","og_type":"article","og_title":"Contact five - Marcanet","og_description":"Cont\u00e1ctanos Para asesor\u00eda de propiedad intelectual, por favor cont\u00e1ctanos a cualquiera de los tel\u00e9fonos, correos electr\u00f3nicos o d\u00e9janos un mensaje a trav\u00e9s de la p\u00e1gina, un representante de Marcanet se pondr\u00e1 en contacto con usted.\u00a0 Contacto de clientes Canal de Miramontes 119, Frac. Residencial Acoxpa, C.P. 14399. +52 55 5684 5454 +52 984 801 9402","og_url":"https:\/\/marcanet.mx\/?page_id=1184","og_site_name":"Marcanet","article_modified_time":"2024-01-19T07:12:38+00:00","og_image":[{"url":"https:\/\/marcanet.mx\/wp-content\/uploads\/2024\/01\/content-6-2.jpg"}],"twitter_card":"summary_large_image","twitter_misc":{"Tiempo de lectura":"2 minutos"},"schema":{"@context":"https:\/\/schema.org","@graph":[{"@type":"WebPage","@id":"https:\/\/marcanet.mx\/?page_id=1184","url":"https:\/\/marcanet.mx\/?page_id=1184","name":"Contact five - Marcanet","isPartOf":{"@id":"https:\/\/marcanet.mx\/#website"},"primaryImageOfPage":{"@id":"https:\/\/marcanet.mx\/?page_id=1184#primaryimage"},"image":{"@id":"https:\/\/marcanet.mx\/?page_id=1184#primaryimage"},"thumbnailUrl":"https:\/\/marcanet.mx\/wp-content\/uploads\/2024\/01\/content-6-2.jpg","datePublished":"2017-02-08T09:59:59+00:00","dateModified":"2024-01-19T07:12:38+00:00","breadcrumb":{"@id":"https:\/\/marcanet.mx\/?page_id=1184#breadcrumb"},"inLanguage":"es","potentialAction":[{"@type":"ReadAction","target":["https:\/\/marcanet.mx\/?page_id=1184"]}]},{"@type":"ImageObject","inLanguage":"es","@id":"https:\/\/marcanet.mx\/?page_id=1184#primaryimage","url":"https:\/\/marcanet.mx\/wp-content\/uploads\/2024\/01\/content-6-2.jpg","contentUrl":"https:\/\/marcanet.mx\/wp-content\/uploads\/2024\/01\/content-6-2.jpg","width":1920,"height":1440},{"@type":"BreadcrumbList","@id":"https:\/\/marcanet.mx\/?page_id=1184#breadcrumb","itemListElement":[{"@type":"ListItem","position":1,"name":"Home","item":"https:\/\/marcanet.mx\/"},{"@type":"ListItem","position":2,"name":"Contact five"}]},{"@type":"WebSite","@id":"https:\/\/marcanet.mx\/#website","url":"https:\/\/marcanet.mx\/","name":"Marcanet","description":"Registro de marcas","potentialAction":[{"@type":"SearchAction","target":{"@type":"EntryPoint","urlTemplate":"https:\/\/marcanet.mx\/?s={search_term_string}"},"query-input":"required name=search_term_string"}],"inLanguage":"es"}]}},"_links":{"self":[{"href":"https:\/\/marcanet.mx\/index.php?rest_route=\/wp\/v2\/pages\/1184","targetHints":{"allow":["GET"]}}],"collection":[{"href":"https:\/\/marcanet.mx\/index.php?rest_route=\/wp\/v2\/pages"}],"about":[{"href":"https:\/\/marcanet.mx\/index.php?rest_route=\/wp\/v2\/types\/page"}],"author":[{"embeddable":true,"href":"https:\/\/marcanet.mx\/index.php?rest_route=\/wp\/v2\/users\/1"}],"replies":[{"embeddable":true,"href":"https:\/\/marcanet.mx\/index.php?rest_route=%2Fwp%2Fv2%2Fcomments&post=1184"}],"version-history":[{"count":7,"href":"https:\/\/marcanet.mx\/index.php?rest_route=\/wp\/v2\/pages\/1184\/revisions"}],"predecessor-version":[{"id":16543,"href":"https:\/\/marcanet.mx\/index.php?rest_route=\/wp\/v2\/pages\/1184\/revisions\/16543"}],"wp:attachment":[{"href":"https:\/\/marcanet.mx\/index.php?rest_route=%2Fwp%2Fv2%2Fmedia&parent=1184"}],"curies":[{"name":"wp","href":"https:\/\/api.w.org\/{rel}","templated":true}]}}